*3 - 6*b - 2. Let s(i) = -3*t(i) - 2*u(i). Calculate s(o).
-5
Let d(y) = -32 - 13 - 12 - 5*y**2 + 60 - 3*y. Let m be (4/(-2))/(4/(-4)). Calculate d(m).
-23
Let m(g) be the third derivative of -g**4/6 - 2*g**3/3 - 43*g**2. Let x(h) = 13*h**2 + 13*h + 7*h**3 - 8*h**3 + 2*h - 10. Let r be x(14). Calculate m(r).
-20
Let g(j) = 3*j**2 - 11*j + 10. Let l = -1970 - -1971. Determine g(l).
2
Let u(j) be the second derivative of 3*j**5/20 + j**4/6 - 2*j**3/3 + 3*j**2/2 + 10*j. Let c be u(-3). Let y = c + 55. Let a(g) = 2*g - 6. What is a(y)?
8
Let q(j) be the first derivative of 15 + j + 1/2*j**2. Determine q(3).
4
Let w(f) = -f**2 - f + 1. Let g(c) be the second derivative of 5/12*c**4 + 17*c - 4*c**2 + 0 - 1/2*c**3. Let o(d) = g(d) + 6*w(d). Give o(-5).
18
Let o(u) = 2*u + 107. Let v(i) = -5*i - 325. Let x(c) = 14*o(c) + 4*v(c). Determine x(-27).
-18
Let o = -137 + 157. Let g(i) = 13*i + o + 20*i**2 + 54*i**2 - 75*i**2. What is g(14)?
6
Let u(q) be the second derivative of 13*q**3/6 + 5*q**2 + 9015*q. Calculate u(9).
127
Let j(w) = w**2 - 8*w + 9. Let i be j(5). Let k be ((-11)/(55/i))/((-6)/30). Let d(a) = -a + 7. Calculate d(k).
13
Let v(y) be the first derivative of -y**6/120 - y**5/15 - y**4/12 - y**3/6 - 13*y**2/2 + 20. Let p(l) be the second derivative of v(l). Calculate p(-2).
-5
Let c(u) = -5*u**2 - 45*u + 105. Let n(s) = -s**2 - 11*s + 20. Let q(b) = -3*c(b) + 14*n(b). Give q(17).
-69
Let v(s) be the second derivative of 38*s + 1/20*s**5 + 0 + 5/12*s**4 + 2/3*s**3 - 5/2*s**2. What is v(-4)?
-5
Let d = -3 + 3. Let h(s) = -2*s - 16. Let v(t) = 13*t + 104. Let f(c) = -7*h(c) - v(c). Determine f(d).
8
Let p(u) = 52 + 0*u - 2*u + 2*u**2 - 50 + 10*u**3 - u. Let c be p(1). Let t(q) = -q + 3. What is t(c)?
-8
Let j(q) = q**2 + q. Suppose 7*m - 18*m = -7*m. Let y(x) = 3*x + 1 - 4*x - 3*x + m*x - x**2. Let s(i) = -2*j(i) - y(i). Give s(-2).
-9
Let w(m) = -3*m**3 - 6*m**2 + 4*m + 13. Let v(j) = -4*j**3 - 6*j**2 + 5*j + 17. Let c(f) = 4*v(f) - 5*w(f). Determine c(5).
28
Let y(o) be the first derivative of 5*o**2/2 - 2*o - 1341. Determine y(3).
13
Let i(b) = b**3 + 2*b**2 - 3*b - 3. Suppose 0 = -4*h + 20, 0*h = z - h + 4. Let j be 105/42*2*z. Let d(c) = 2*c**2 - 14*c + 17. Let n be d(j). What is i(n)?
-3
Let r(z) = -19*z + 110. Let f(h) = -35*h + 225. Let b(i) = -6*f(i) + 15*r(i). Calculate b(4).
0
Let w(l) = 2 - 39*l - 10*l + 3 + 26*l. Let d be w(0). Let y(c) = -2*c**2 + 4*c. Calculate y(d).
-30
Let m(y) = 10*y**2 + 13*y + 29 - y**3 + 77 + 24. Calculate m(12).
-2
Let f = 39 - 181. Let d = 144 + f. Let x(y) = 4*y**2 - 4*y + 2. Determine x(d).
10
Let a(t) = t**2 - 14*t - 13. Let j(f) = 9*f**2 - 114*f - 91. Let o(p) = 17*a(p) - 2*j(p). What is o(-14)?
-95
Let b be (3/(2 - 5))/((-1)/(-7)). Let r(q) = -2*q - 21. Let m(w) = -4*w + 11 + 3*w + w + w. Let f(d) = 7*m(d) + 4*r(d). Calculate f(b).
0
Let y = 76 - 67. Let m be (-3)/9*y*(4 - 5). Let q(r) = -4*r**2 + 15*r**3 + 17*r**m + 4*r - 33*r**3 - 6. Give q(-5).
-1
Let f(r) = r**3 + 2*r - 2. Let o = 50 - 53. Let b(u) = -2*u**2 + u. Let v(x) = o*b(x) + f(x). Determine v(-6).
4
Let i(w) = 16*w**3 + 4. Let o be i(2). Let g(m) = 2*m**2 + 67 + 2*m + 68 - m**3 + m**2 - o. Give g(4).
-5
Let t(q) be the second derivative of 3*q**4/8 + q**3 - 115*q**2/2 - 133*q. Let v(i) be the first derivative of t(i). Give v(-4).
-30
Suppose -m + 9 = -7*i + 8*i, -2*m = -4*i - 42. Suppose -92 + 27 = -m*h. Let z(c) = 3*c + 2. What is z(h)?
17
Let g(a) = -4*a**3 - 21*a**2 + 9*a + 43 - 18*a + 5*a**3 - 15*a. Let x be g(22). Let f(v) = -4*v**2 - 2*v + 3*v - v. Give f(x).
-4
Suppose -10*q + 80 = -59 + 19. Let p(f) = f**3 + f**2 - f - 1. Let w(y) = 4*y**3 - 8*y**2 - 15*y - 14. Let a(k) = 3*p(k) - w(k). Give a(q).
11
Let k(s) be the second derivative of s**5/20 - 7*s**4/6 - 11*s**3/2 + 7*s**2 + 18*s. Suppose -5349 + 5557 = 13*q. Give k(q).
-2
Let d(i) = 1 + i - 6*i + 2*i**3 + 283617*i**2 - 283619*i**2 - 3*i**3. What is d(-3)?
25
Let k = 4025 - 4019. Let z(y) = -2*y**2 + 9*y + 11. Give z(k).
-7
Let d(n) = -n + 11. Let l be d(7). Suppose -2*s + 2*i = 6, -8 = 3*s - 4*i + l. Let t be 13 + 3 + -9 - (s - -1). Let g(x) = -x**2 + 6*x - 3. What is g(t)?
-3
Let b(p) be the third derivative of p**5/120 + p**4/4 + 41*p**3/6 - 57*p**2. Let h(f) be the first derivative of b(f). Give h(8).
14
Let u(h) = h**3 - 6*h**2 - 7*h - 8. Let q(d) = 6*d - 11. Suppose 347 = -5*n + 97. Let x = n - -53. Let t be q(x). Determine u(t).
-8
Let w be -3*24/27*-3. Let g(j) be the first derivative of -j**3/3 + 7*j**2/2 + 8*j + 78. What is g(w)?
0
Let x(t) be the second derivative of -7*t**3/6 - 7*t**2/2 - 12*t + 2. Let k(f) = 13*f + 13. Let s(h) = -4*k(h) - 7*x(h). Determine s(1).
-6
Let p(r) be the second derivative of 33 + 11/2*r**2 + 1/3*r**3 + r. What is p(-9)?
-7
Let c be 2/7*(-3731)/1066. Let t(p) = 2*p**3 - 2*p**2 + 2*p + 1. Calculate t(c).
-5
Let l(h) be the second derivative of h**5/60 - h**4/24 + h**3/3 - 15*h**2/2 + h + 8. Let d(u) be the first derivative of l(u). Calculate d(4).
14
Let r(o) = 11*o**2 + 7*o - 19. Let z(i) = -2*i**2. Let g(q) = r(q) + 5*z(q). Calculate g(-8).
-11
Let p(i) = i**3 + 2*i**2 - 3*i - 6. Let d(f) = 2*f**3 - f**2 + 9*f + 8. Let c be d(-1). Determine p(c).
-26
Let a(z) = -7*z. Suppose 0 = 3*n - 50 + 11. Suppose -21 = 8*l - n. Determine a(l).
7
Let w(o) be the first derivative of -o**4/4 - 4*o**3/3 - 3*o**2/2 - o + 57765. Let n = 3 + -6. What is w(n)?
-1
Let i = 849 - 767. Suppose 86*d = i*d + 16. Let s(j) = j**2 - 3*j - 1. What is s(d)?
3
Let u(c) = 4*c - 3. Let k be u(2). Suppose 2*v = 2, -k*v + 4 = 3*d - v. Let p(i) = -3*i. Let j(t) = -4*t. Let h(w) = -4*j(w) + 5*p(w). What is h(d)?
0
Let t(h) = 5*h + 118. Let d be ((-297)/33)/(1 + 5/(-8)). Let y be t(d). Let s(f) = 5*f**2 + 3*f + 2. Give s(y).
16
Let l(v) = -v**3 + 5*v**2 + 13*v + 14. Let k be l(7). Let a(g) be the third derivative of g**4/24 - 5*g**3/3 - 22*g**2. Determine a(k).
-3
Suppose -108*w - 42 = -60 + 234. Let j(a) = -29*a - 9. Determine j(w).
49
Let u be 10/(-4)*1*8/(-4). Suppose -u = 6*k - 11. Let r be (k + 0)/((-16)/80). Let b(t) = t**2 + 9*t + 7. Determine b(r).
-13
Let v be 32/56 - (-85)/35. Suppose 2*w + 13 = 17, 4*b + v*w = 34. Let m(j) = j**3 - 7*j**2 + j - 2. What is m(b)?
5
Let k be 1 + (-7)/5 - (-36)/90. Let u(c) = 14*c**3 - 17*c**2 - 31*c - 59. Let z(f) = -5*f**3 + 6*f**2 + 11*f + 20. Let d(l) = -6*u(l) - 17*z(l). Calculate d(k).
14
Let z(i) be the second derivative of 2*i**3/3 + 25*i**2/2 + 120*i + 2. What is z(-4)?
9
Let o(d) = 6*d + 91. Let s(x) = 11*x + 175. Let t(h) = 5*o(h) - 3*s(h). Calculate t(-21).
-7
Let c(t) = -t**3 - 5*t**2 + 7. Let p(y) = 0*y - 7*y + y + 15 + 5*y. Let x be p(20). What is c(x)?
7
Let v(y) = -3*y + 16. Let i be v(5). Let l(s) = 11*s + i - 9*s + 10*s - 14*s. Suppose -5*f + 24 = -2*f. Calculate l(f).
-15
Let t(u) be the first derivative of 2*u - 1/3*u**3 - 52 + 5/2*u**2. What is t(6)?
-4
Let o(h) be the third derivative of h**5/30 + h**4/24 - 5*h**3/2 - h**2 + 39. Let x(d) be the first derivative of o(d). Give x(-3).
-11
Let d(t) be the third derivative of t**6/360 - t**5/40 - t**4/6 + 203*t**3/6 + 2*t**2 + t. Let y(l) be the first derivative of d(l). What is y(-5)?
36
Suppose 3*z - 2 = -o, -2*z + 3*z - 2*o = 10. Let w(y) = 8 + y**z + 0 - 20*y + 13*y + y. What is w(6)?
8
Let m(k) = k**3 - 5*k**2 - 6*k - 4. Let h = -791 + 797. What is m(h)?
-4
Let w(y) = -y**3 - 11*y**2 - 21*y - 7. Let l be -4 + 1 + (-71 - -65). Calculate w(l).
20
Let v(h) = -75*h + 11. Let x(m) = -138*m + 20. Let y(l) = 11*v(l) - 6*x(l). Determine y(7).
22
Let j(i) be the third derivative of 5/24*i**4 + 0*i - 1/2*i**3 + 0 - 1/60*i**5 - 20*i**2. Determine j(4).
1
Let l(i) = -i**2 + 30*i + 101. Suppose 0 = 891*b - 846*b + 135. Determine l(b).
2
Suppose 79*m - 2544 + 1833 = 0. Let w(c) = 7*c**2 - 9*c - 6*c**2 - 3*c**2 + 4 + 27*c. Give w(m).
4
Let w = -2810 + 2815. Let p(d) = -d**3 + 3*d**2 - d + 11. Calculate p(w).
-44
Let l(s) be the third derivative of s**5/60 + s**3/6 - 2*s**2. Suppose 10*w = -5*b + 3*w + 21, 2*b + 2*w - 6 = 0. Give l(b).
1
Let q = -73 - -75. Let u(n) = 4 + 6*n**q - n**2 - 29*n**3 + 6*n + 30*n**3. Determine u(-4).
-4
Let m = -18 + 11. Let s be 5 - 11 - (-22)/2. Let v(u) = -s*u + 2*u + 2*u - 3. Calculate v(m).
4
Let j(h) = -2*h**2 + 124*h + 11. Let n(c) = -2*c*